
-60406
In base 9, what is 315677 + 2?
315680
In base 3, what is 1010011 + 101?
1010112
In base 15, what is 38d2 + -23?
38ae
In base 7, what is -25240503 - -5?
-25240465
In base 4, what is -3 + -2000202?
-2000211
In base 13, what is 172bb - 1?
172ba
In base 8, what is -11 + 423030?
423017
In base 3, what is 1122 + -221002010?
-221000111
In base 7, what is -3 + -1155656?
-1155662
In base 16, what is 2c26 + -20?
2c06
In base 4, what is 10 - 203000230?
-203000220
In base 9, what is -8 - 2267?
-2276
In base 11, what is -13 + -391a?
-3932
In base 7, what is -1410 + 46?
-1331
In base 10, what is 5 - 14839?
-14834
In base 6, what is 545 - 12303?
-11314
In base 13, what is -140595 + -1?
-140596
In base 4, what is 132 + -2131?
-1333
In base 12, what is -3373 + 4?
-336b
In base 10, what is -6 + -5761?
-5767
In base 14, what is 3 - -2467?
246a
In base 15, what is -6 + 3783?
377c
In base 9, what is 10486 + -26?
10460
In base 6, what is 1441 + 10234?
12115
In base 15, what is -102a0 + -9?
-102a9
In base 15, what is -62b83 - -5?
-62b7d
In base 9, what is 73 - -5047?
5131
In base 4, what is 102 + -1323213?
-1323111
In base 7, what is -362640 - 220?
-363160
In base 8, what is 0 + 143563?
143563
In base 14, what is -2 - 42682?
-42684
In base 13, what is -3a66 + -4?
-3a6a
In base 11, what is 596 - -2386?
2971
In base 6, what is -13325355 - 4?
-13325403
In base 16, what is -3 + c20?
c1d
In base 13, what is -97 + 1722?
1658
In base 10, what is 36881 - 0?
36881
In base 6, what is 44 - 1545?
-1501
In base 6, what is 3 + 2343545?
2343552
In base 10, what is 101954 - 7?
101947
In base 11, what is -14 + 4441a?
44406
In base 8, what is -56 + 14037?
13761
In base 16, what is 18e - -7a?
208
In base 15, what is -ec4e - 0?
-ec4e
In base 8, what is -30252 - 0?
-30252
In base 9, what is 11 + -153?
-142
In base 5, what is 1 - -1024?
1030
In base 12, what is 3ba + 8?
406
In base 7, what is 226235 + 2?
226240
In base 5, what is -11132 - -232?
-10400
In base 4, what is 21101132 + 0?
21101132
In base 11, what is -24 + -49672?
-49696
In base 16, what is 1d - 1bbf?
-1ba2
In base 4, what is 202323302 - -11?
202323313
In base 3, what is 11221021020012 + -2?
11221021020010
In base 10, what is -16010 + 25?
-15985
In base 7, what is 126402 - 1?
126401
In base 16, what is e07 - -249?
1050
In base 16, what is -4f1 + -65?
-556
In base 14, what is -88 + 5581?
54d7
In base 11, what is -2 + -42304?
-42306
In base 12, what is -259 - 15a8?
-1845
In base 5, what is 12 + -21211344?
-21211332
In base 6, what is -2 + -2512114?
-2512120
In base 12, what is -7992 - -1?
-7991
In base 5, what is 40 + 131411?
132001
In base 8, what is 42246 - -12?
42260
In base 15, what is -bdb + 424?
-7b7
In base 12, what is -1833 + 2ab?
-1544
In base 8, what is 12 + -561426?
-561414
In base 15, what is 4 + 35c3?
35c7
In base 10, what is -36 - -1115?
1079
In base 5, what is 4 + -1121244?
-1121240
In base 6, what is 121 - -1530503?
1531024
In base 3, what is 10021022221 - 20?
10021022201
In base 2, what is 1010101000001 - 1101?
1010100110100
In base 15, what is 1b5 + 354?
519
In base 2, what is -10100 + 1001010101110101?
1001010101100001
In base 8, what is -31 + 45630?
45577
In base 6, what is 2 + -15133223?
-15133221
In base 9, what is 4 + 783205?
783210
In base 11, what is 953 + -184?
77a
In base 12, what is -b9 + 39b?
2a2
In base 9, what is -14047 + 11?
-14036
In base 16, what is -2a57f - -5?
-2a57a
In base 16, what is 2 + 3509?
350b
In base 14, what is -13d3 - -129?
-12a8
In base 3, what is 100211210121 - 10?
100211210111
In base 7, what is 5 + -46030?
-46022
In base 14, what is -1b - -6dbd?
6da2
In base 14, what is -3 - a1423?
-a1426
In base 3, what is -112010101 - 201?
-112011002
In base 12, what is -2 - -72998?
72996
In base 9, what is -35526 - -3?
-35523
In base 3, what is 1002 - 10121?
-2112
In base 11, what is 5 - -48955?
4895a
In base 3, what is -221200022 + -11220?
-221212012
In base 5, what is -120244 + -13?
-120312
In base 13, what is -12 - 3336?
-3348
In base 9, what is 127455 + 4?
127460
In base 11, what is 682 - 1922?
-1250
In base 9, what is 0 + 44077?
44077
In base 8, what is 347 + 1546?
2115
In base 6, what is -204233301 + 1?
-204233300
In base 6, what is -510 + -1050?
-2000
In base 13, what is b94ac + 10?
b94bc
In base 16, what is -29 - -220d?
21e4
In base 12, what is -253 - b9?
-350
In base 14, what is -7 + -37b0?
-37b7
In base 10, what is -772 + 5?
-767
In base 14, what is 4 + -24537?
-24533
In base 16, what is 42aa + -2?
42a8
In base 11, what is 3 - 3094?
-3091
In base 2, what is -101 + -10000100010011?
-10000100011000
In base 10, what is -70148 - 5?
-70153
In base 5, what is 1012034 + 13?
1012102
In base 13, what is 3 - 7c9b2?
-7c9ac
In base 15, what is 9 - 2?
7
In base 3, what is 11 - -11010010221?
11010011002
In base 10, what is 116247 - -3?
116250
In base 4, what is 3120133 + -111?
3120022
In base 4, what is -30231220222 + 3?
-30231220213
In base 12, what is 6 - 22966?
-22960
In base 6, what is -4 + -2210145?
-2210153
In base 12, what is -348bab - 0?
-348bab
In base 3, what is -10022221210021 - 11?
-10022221210102
In base 10, what is -96 - -328?
232
In base 13, what is -3 + -32b949?
-32b94c
In base 3, what is 121112 + 11222?
210111
In base 2, what is -1001011010 + 1011100?
-111111110
In base 11, what is 20818 + 3?
20820
In base 15, what is 5 + 15594?
15599
In base 12, what is -139 - 398?
-515
In base 4, what is -132123130 + 2?
-132123122
In base 13, what is 4 - 83b5?
-83b1
In base 7, what is 11 - 54424?
-54413
In base 8, what is 5 + -407217?
-407212
In base 9, what is -1014276 + 4?
-1014272
In base 5, what is -30223 + -14?
-30242
In base 16, what is -a - 6c9?
-6d3
In base 10, what is -10 + 987?
977
In base 12, what is 1 + -12b45?
-12b44
In base 13, what is -22272 + 3?
-2226c
In base 5, what is 1142012002 + 0?
1142012002
In base 5, what is 224230 + -40?
224140
In base 12, what is -2 + -1816a?
-18170
In base 11, what is 319 + 187?
4a5
In base 2, what is -10 - 100010101111011111?
-100010101111100001
In base 4, what is 10 - 30002232?
-30002222
In base 15, what is 37c - 10?
36c
In base 10, what is 250 - 5148?
-4898
In base 15, what is -b - -41729?
4171d
In base 16, what is 1c1 + -b2?
10f
In base 15, what is 52 + -c2?
-70
In base 12, what is -12 + -12758?
-1276a
In base 14, what is -1519d - 10?
-151ad
In base 3, what is -2212 - -2222?
10
In base 11, what is -55265 - 3?
-55268
In base 7, what is -15230 + -132?
-15362
In base 14, what is 0 - 138dc?
-138dc
In base 13, what is 5 - -50495?
5049a
In base 11, what is 5 - -457a6?
45800
In base 14, what is -12c9 - 0?
-12c9
In base 11, what is 3 + 53541?
53544
In base 12, what is 3 + -1406b?
-14068
In base 12, what is 76168 - 3?
76165
In base 8, what is -60332 - -302?
-60030
In base 12, what is 301ba5 + -4?
301ba1
In base 11, what is 27815 + 2?
27817
In base 13, what is -6 + -6bca?
-6c03
In base 10, what is 999 - 164?
835
In base 4, what is -213011 - -20?
-212331
In base 5, what is 100033 + -244?
44234
In base 6, what is -1 + 243252?
243251
In base 2, what is -110000011110000000 - -1?
-110000011101111111
In base 14, what is 22978 - 3?
22975
In base 4, what is 11 + 131203122?
131203133
In base 16, what is -cb6cf - -2?
-cb6cd
In base 6, what is 1043041 - 5?
1043032
In base 13, what is -3 - c64b2?
-c64b5
In base 4, what is -11 - -1011203000?
1011202323
In base 8, what is 264 + 61?
345
In base 8, what is -12431 + 5?
-12424
In base 10, what is -2350196 - -3?
-2350193
In base 10, what is 34 + -588?
-554
In base 13, what is 1 - -3b017a?
3b017b
In base 13, what is -b0 + 602?
522
In base 4, what is -2312300 - -3210?
-2303030
In base 12, what is 3a91 + 14?
3aa5
In base 16, what is c + -1582?
-1576
In base 10, what is -796 + 45?
-751
In base 6, what is -12 + -12252215?
-12252231
In base 12, what is a + -8325b?
-83251
In base 11, what is -1 + 57a08?
57a07
In base 4, what is -130000102 + -11?
-130000113
In base 15, what is 4 + 4b708?
4b70c
In base 9, what is 4 - 38345?
-38341
In base 11, what is -2007a9 + -4?
-200802
In base 3, what is 1010102 - -120112?
1200221
In base 3, what is -22122020 + -10?
-22122100
In base 13, what is -1 - -4924?
4923
In base 6, what is 0 - -24555?
24555
In base 8, what is -4 - 16064?
-16070
In base 3, what is 1 - -12000002102?
12000002110
